1
Let g = 3928 - -4355. What is the units digit of g?
3
Suppose g - 14 - 27 = -3*y, 4*y - 68 = -4*g. Suppose -y = 6*a - 10*a. Suppose 12 = -3*f, -a*w + 5*f + 111 = -359. What is the tens digit of w?
5
Let c = -8 - -2482. What is the units digit of c?
4
Let m = -43 - -45. Suppose 0 = -2*l + 4*l + v - 10, 0 = -m*l + 4*v - 10. Suppose l*g - 28 = -g. What is the units digit of g?
7
Let b(s) = -1516*s + 4480. What is the hundreds digit of b(-18)?
7
Suppose -9*f = -7*f. Suppose 2*p + x = 5, -4*p + f*x + 19 = -x. Suppose 0 = -5*s - p*i + 271, -2*i - 251 = -5*s - i. What is the tens digit of s?
5
Let v(n) = -n**2 + 26*n - 64. Let b be v(22). What is the tens digit of b/18*9*18?
1
Let u be (10*(-15)/12)/(3/(-30)). Let c = 605 + u. What is the units digit of -2*c/8*(-20)/50?
3
Let j = 77444 - 24330. What is the ten thousands digit of j?
5
Let z = -24 - -25. Let u = z - -2. Suppose 0 = -2*x + 2*k + 57 - 7, 9 = u*k. What is the units digit of x?
8
Suppose 1 + 7 = 4*m. Suppose 5*n - 4*j + 39 = -5*j, -m*n - 4*j - 12 = 0. What is the units digit of (-3 - 279/(-6))/((-3)/n)?
6
Suppose 36*r - 38*r + 50 = 0. Let y = 45 - r. What is the units digit of y?
0
Suppose -656382 = -38*x + 261017 + 90095. What is the ten thousands digit of x?
2
Suppose -9*d - 101*d - 46*d = -5136612. What is the thousands digit of d?
2
What is the hundreds digit of (-25)/(-15) + ((-88407)/(-27) - -5)?
2
Let q = -4582 - -7635. What is the tens digit of q?
5
Suppose -4*g + 2*z = -54036, -3*g + 0*g + 2*z + 40528 = 0. Suppose 18*n = g + 2080. What is the hundreds digit of n?
8
Suppose -27*m - 3*f = -28*m + 3168, 0 = m - 5*f - 3180. What is the thousands digit of m?
3
Suppose 9*q - 21000 = 25098. Suppose -21*x + 296 = -q. What is the units digit of x?
8
Let j = 72306 + -31631. What is the units digit of j?
5
What is the hundreds digit of 2385/1 - (252/(-56) + (-1)/2)?
3
Let o = 156 + -345. Suppose 3*m - 4*u - 1 + 3 = 0, -5*m + u = -25. What is the tens digit of ((-1)/(-5) - o/30)*m?
3
Let m(o) = 35*o**2 + 35*o - 152. Let x = -4 + 8. What is the units digit of m(x)?
8
Suppose 35*n = 26*n + 46872. Suppose 73*i - n = 59*i. What is the tens digit of i?
7
Let j = -402 - -449. Suppose j*o - 71630 = -2493. What is the units digit of o?
1
Let n be 9*((1 + 3)/4)/3. Suppose n*j + 4*z = 5*j - 1048, 2*z = 3*j - 1556. Suppose -j = -5*f + 654. What is the hundreds digit of f?
2
Let o be ((-6)/15)/(2/(-490)). Let r = -1013 - -1011. What is the units digit of (1 - (0 - o/(-4)))*r?
7
Let l be 176368/(-14) + (-2 - (-60)/35). What is the units digit of 30/270 + l/(-18)?
0
Suppose 16*x - 441 = 17*x. Let n = x - -891. What is the hundreds digit of n?
4
Suppose -178*v - 280 = -174*v. Let x be 6*(-4 + v/(-15)). Suppose -x*g + 6*g - 290 = 0. What is the units digit of g?
5
Suppose f - 7*l + 6*l = 5, 0 = -3*f - 5*l + 7. Suppose -a = 3*v - 94, 0 = f*a - 9*a + v + 406. Suppose 0 = -3*b - a + 445. What is the hundreds digit of b?
1
Suppose 1232 = -8*o + 7*o. Let l = -810 - o. What is the units digit of l?
2
Let x = 648 - 244. Let c(z) = 71*z + 3. Let k be c(-4). Let y = x + k. What is the tens digit of y?
2
Let f(l) = l - 13. Let u be f(5). Let t(p) = -77*p - 33. Let c be t(u). Suppose 0 = 5*v - 97 - c. What is the hundreds digit of v?
1
Suppose 0 = 6*v - 40*v + 552670. What is the hundreds digit of v?
2
Let h = 36694 + 20620. What is the ten thousands digit of h?
5
Let h(m) = m**3 + m**2 + m - 2. Let s(q) = q**3 + 3 - 10 + 4*q**2 - 4 - 8*q - q**2. Let x be s(-4). What is the units digit of h(x)?
3
Let i be (28/(-21))/((-12)/45). Suppose 2*l + 1 = -i, -3*l - 15 = -3*y. Suppose 0 = b - y*m - 84, 5*b - 259 - 105 = -4*m. What is the tens digit of b?
7
Let h(a) = -268*a + 1894. What is the hundreds digit of h(-43)?
4
Suppose 17*v - 83 = -49. Suppose 1431 = v*g + 35. What is the hundreds digit of g?
6
Let h be (-190)/114*9/(-5). Suppose 10*j = -h*j + 1404. What is the tens digit of j?
0
Suppose -12 = 41*p - 44*p, 2*p - 223528 = -4*u. What is the thousands digit of u?
5
Let x(r) = 90*r**2 - 38*r + 148. What is the thousands digit of x(16)?
2
Let x = 203 + -193. What is the hundreds digit of (1856 - x) + (-5)/1 + 3?
8
Let s(j) = -186*j + 204. Let q be s(-6). Suppose l + 5*a = q, 4*a + 1810 = 5*l - 4761. What is the tens digit of l?
1
Suppose 0 = -7*g + 313 - 3358. Let w = -16 - g. What is the tens digit of w?
1
Let v = -25 + -2. Suppose -59*w + 1257 = -3522. Let i = v + w. What is the tens digit of i?
5
What is the tens digit of -1 - ((-36)/6 - 554)?
5
Let l be (-2)/(-9) - 187/(-9). Suppose -45*n + 46 = -43*n. Let u = n + l. What is the tens digit of u?
4
Let p(y) = -97*y - 3. Let x be p(1). Let a = x - -179. What is the tens digit of a?
7
Suppose -55*k + 52*k = -6. Suppose -4*u + k*m + 26 + 828 = 0, u + 4*m = 236. What is the tens digit of u?
1
Let u be (28/(-10) + (-10)/50)*2. What is the units digit of (-330)/(-5) + -2 + u?
8
Let v(z) = 9*z + 24. Suppose -2*p + 10 = h, -2*p - p = h - 16. Let u be v(p). Suppose 5*r = 4*n + 102, 8*r - 3*r = -4*n + u. What is the units digit of r?
8
Let x be (-2)/(-16) - 437/(-152). Suppose m + x = 5*f, m - f + 1 = 2. Suppose 4*z = g - 153, m*g - 2*z - 119 - 163 = 0. What is the tens digit of g?
3
Let w(c) = 8784*c - 967. What is the hundreds digit of w(2)?
6
Let m = 1335 - 585. Suppose m = 2*d - 842. What is the tens digit of d?
9
Suppose 24*h + 14*h = -4*h + 779688. What is the hundreds digit of h?
5
Let x = -70 - -71. Let j(f) = -3*f**2 - 2*f + 1. Let y be j(x). What is the hundreds digit of (-559)/y + (-1)/(-4)?
1
Let o(b) = 2*b**2 + 6*b + 16. Let r be o(-10). Let c be (-9 - -104) + -1*2. Let k = r - c. What is the units digit of k?
3
Let f = 102 - 159. Let p = f + 56. Let g(i) = -26*i**3 - 3*i - 2. What is the units digit of g(p)?
7
Suppose -z = 11*a - 6*a - 1514, -3*a - 15 = 0. Suppose v - z = -5*k + 121, 4*k - 4*v - 1328 = 0. What is the units digit of k?
2
Let w(m) = 32 - 15*m**2 + 14*m**2 - 10. Let c(a) = -a**2 + 7*a - 10. Let x be c(5). What is the tens digit of w(x)?
2
Let b(j) = -32*j - 725. What is the units digit of b(-23)?
1
Suppose 3*t = 0, -9*p - t = -11*p + 24790. Suppose 3131 = -8*y + p. What is the tens digit of y?
5
Let r(l) = -18*l + 45. Let z(y) be the first derivative of -y**3/3 - 5*y**2/2 - 4*y + 40. Let h be z(-6). What is the units digit of r(h)?
5
Suppose 47*n - 154414 = 352622. What is the ten thousands digit of n?
1
Let i be 5 + 0/3 + 4/(-2). Suppose i*n + x + 7 = 0, -2*n - n = 3*x - 3. Let o(d) = d**3 + 9*d**2 - 5*d - 5. What is the tens digit of o(n)?
9
Suppose 36011 = 4*n - w, -73*n + 3*w + 27024 = -70*n. What is the units digit of n?
1
Suppose -18396 = -20*a + 13*a. What is the tens digit of a?
2
Suppose 6831 = z + 4*h - 5027, 2*h = 5*z - 59444. What is the tens digit of z?
8
Let a be 12217/19 + -2*5/2. Suppose 5*x - 3150 = -5*b, -b + a = -14*x + 13*x. What is the tens digit of b?
3
Suppose -2*x - 72 = 6*x. Let m be (-1)/1 - 27/x. What is the units digit of 80/50 - m/(-5)?
2
Let s = -156 - -159. Suppose -2*v = -5*o + 1700, 4*v + 1020 = 3*o + s*v. What is the hundreds digit of o?
3
Suppose 92 + 408 = 4*y. Suppose y = -4*c + 5. What is the units digit of (-2175)/c - (-1)/2?
3
Let k = 87 - 45. Let f be (5 - k/6)/(2/(-4)). Suppose f = -y, 0 = 2*i + 4*y - y - 516. What is the units digit of i?
4
Let z(a) = 788*a - 20. Let s(d) = 395*d - 10. Let j(x) = -9*s(x) + 4*z(x). What is the tens digit of j(-1)?
1
Let l be 42 + -1 + 2 - (10 - 12). Suppose -5*z + r - 125 = -2*z, -z = -r + l. Let m = 206 + z. What is the tens digit of m?
6
Let z(d) = -3577*d - 284. What is the hundreds digit of z(-3)?
4
Let z(v) = -v**3 - 209*v**2 - 512*v + 582. What is the thousands digit of z(-207)?
0
Let z be (20/(-6))/((-65)/78). Suppose -3*h - 5595 = -6*v + v, -z*v + 4468 = -4*h. What is the tens digit of v?
2
What is the thousands digit of 11508/(-56)*141/18*(-1 - 3)?
6
Suppose n - 6*n + 3*j = 961, -788 = 4*n + 4*j. Let c = 150 - n. What is the units digit of c?
4
Let p(d) be the first derivative of 10*d**3/3 - 3*d**2/2 + 11*d - 101. What is the tens digit of p(-7)?
2
Let t = 33369 + 2404. What is the ten thousands digit of t?
3
Suppose 0 = -245*c + 123*c + 2198074. What is the tens digit of c?
1
Let h be (-84)/(-4) - (-6)/(-2). Let u = h - 18. Suppose 2*s - 17 = -z - u*s, -3*s = -3